.
13
Calculate the greatest common factor of 263092 and 5395868.
4964
What is the greatest common divisor of 12091632 and 263452?
2716
Calculate the highest common divisor of 1778 and 95161354.
254
Calculate the highest common factor of 3397 and 59038517.
79
What is the greatest common divisor of 4998 and 98397411?
357
What is the greatest common divisor of 617573 and 4508?
23
What is the greatest common factor of 684 and 149192028?
684
Calculate the highest common divisor of 966 and 1858262.
322
Calculate the greatest common divisor of 805 and 371808800.
115
Calculate the greatest common factor of 469801609 and 181.
181
Calculate the highest common factor of 149886 and 110522.
1514
What is the greatest common factor of 804 and 15236805?
201
Calculate the highest common factor of 13281 and 5103.
3
Calculate the greatest common divisor of 1079925 and 211871.
2057
What is the greatest common divisor of 31640154 and 386211?
7287
What is the greatest common divisor of 456 and 5038952?
152
What is the highest common factor of 24 and 5173878?
6
Calculate the greatest common factor of 790820 and 720.
20
Calculate the greatest common factor of 3346560 and 26208.
2016
What is the greatest common divisor of 257851 and 1167788?
2131
What is the greatest common factor of 24588832 and 72?
8
What is the greatest common factor of 620 and 21142000?
620
Calculate the highest common factor of 798 and 6504498.
798
Calculate the highest common divisor of 1160464 and 235422.
2378
Calculate the greatest common factor of 168 and 2245368.
24
What is the highest common divisor of 5427432 and 216?
216
Calculate the greatest common factor of 4774 and 54307484.
154
What is the highest common factor of 113979876 and 24?
12
What is the greatest common factor of 22 and 148410009?
11
What is the greatest common factor of 1576852 and 1088?
68
What is the greatest common factor of 27341 and 6170432?
1439
Calculate the highest common divisor of 247037 and 133.
7
Calculate the greatest common factor of 1470 and 99155.
35
What is the highest common divisor of 5211 and 23833629?
27
Calculate the highest common factor of 12 and 11279694.
6
What is the greatest common divisor of 322794 and 17025?
681
Calculate the highest common divisor of 18005 and 45565.
65
What is the highest common divisor of 2230 and 939820?
10
Calculate the greatest common factor of 24780093 and 26.
13
What is the highest common divisor of 14467 and 35226363?
391
What is the highest common factor of 51170 and 55298?
86
What is the greatest common factor of 216614775 and 580?
145
Calculate the greatest common factor of 18846674 and 210.
14
What is the highest common divisor of 9 and 1239882?
3
Calculate the highest common factor of 721326 and 460.
46
Calculate the highest common divisor of 40600 and 1236200.
1400
Calculate the highest common factor of 4256066 and 22212.
1234
Calculate the greatest common factor of 963846829 and 11.
11
Calculate the greatest common divisor of 874638655 and 55.
55
What is the highest common divisor of 825180 and 146540?
340
What is the highest common factor of 733724 and 1888?
236
Calculate the greatest common divisor of 402 and 757664877.
201
What is the highest common divisor of 26112065 and 70?
35
Calculate the greatest common factor of 10183 and 518381.
17
What is the highest common factor of 44880 and 63135960?
2040
Calculate the greatest common divisor of 57 and 11776808.
19
Calculate the highest common factor of 15794590 and 2450.
70
Calculate the greatest common divisor of 93260 and 134870.
10
Calculate the greatest common factor of 5936 and 174272.
112
What is the highest common divisor of 752882 and 1274?
26
What is the highest common divisor of 92463379 and 2828?
101
Calculate the highest common factor of 4823 and 17101.
7
What is the greatest common factor of 91785 and 664017?
633
What is the highest common divisor of 76560 and 1935120?
2640
Calculate the highest common factor of 5365125 and 11039.
19
What is the highest common factor of 12744 and 37158672?
1416
What is the greatest common divisor of 115 and 6902830?
5
What is the highest common divisor of 15093 and 4065263?
43
Calculate the highest common divisor of 725 and 1484945.
145
Calculate the highest common factor of 30 and 32865410.
10
What is the highest common divisor of 1298007546 and 5676?
2838
Calculate the greatest common divisor of 41481 and 862587.
99
Calculate the greatest common divisor of 39 and 44430867.
39
What is the greatest common factor of 5900888 and 112?
56
What is the highest common divisor of 2778825 and 383575?
1675
What is the greatest common divisor of 40944 and 62495898?
5118
What is the greatest common divisor of 368 and 756752?
16
Calculate the greatest common factor of 6700181 and 821.
821
What is the greatest common factor of 30567888 and 65?
13
Calculate the greatest common factor of 3504970 and 1156302.
2254
Calculate the highest common factor of 5700841 and 6759.
751
Calculate the greatest common factor of 24535969 and 1403.
61
Calculate the greatest common factor of 4774 and 192192.
154
What is the highest common divisor of 24435330 and 270?
30
What is the greatest common divisor of 4148 and 19488768?
244
Calculate the highest common divisor of 224 and 773598.
14
What is the greatest common divisor of 10413084 and 54516?
132
What is the greatest common divisor of 500458674 and 25182?
8394
Calculate the greatest common factor of 139 and 194298787.
139
Calculate the greatest common factor of 82980809 and 133.
19
What is the highest common factor of 19904889 and 1593?
177
Calculate the highest common divisor of 35150538 and 2556.
426
Calculate the highest common factor of 6018 and 112362078.
6018
Calculate the highest common factor of 45431 and 461087.
251
What is the highest common factor of 595844516 and 314?
314
What is the highest common factor of 820154379 and 198?
33
Calculate the greatest common factor of 488048168 and 424.
424
Calculate the highest common divisor of 2998491 and 5988.
1497
Calculate the greatest common factor of 335 and 340125.
5
What is the greatest common factor of 8856869 and 399?
133
What is the highest common factor of 153207 and 1539?
9
What is the greatest common factor of 20812 and 3840760?
1892
Calculate the highest common factor of 101728 and 20400.
272
What is the highest common divisor of 1072 and 923184?
16
Calculate the highest common divisor of 1809 and 13169721.
201
Calculate the greatest common divisor of 160349238 and 63.
63
What is the highest common divisor of 60 and 4331215?
5
What is the highest common divisor of 69333848 and 712?
712
Calculate the greatest common divisor of 17803947 and 153.
51
What is the highest common factor of 176576899 and 6631?
6631
What is the greatest common factor of 378630189 and 42?
21
What is the greatest common factor of 15451355 and 10?
5
What is the highest common divisor of 37618603 and 629?
629
What is the greatest common divisor of 734668 and 267388?
2596
Calculate the highest common factor of 5353 and 9586057.
53
Calculate the greatest common factor of 7562430 and 2602395.
4995
What is the greatest common divisor of 5755239 and 2025?
27
Calculate the greatest common divisor of 81 and 978204.
3
What is the greatest common factor of 4565 and 61435?
55
Calculate the greatest common divisor of 17725470 and 210.
210
Calculate the greatest common divisor of 118928 and 5692.
4
What is the highest common divisor of 661355 and 2190620?
1895
Calculate the highest common divisor of 165252 and 65202.
6
What is the greatest common factor of 20079 and 25463277?
207
What is the greatest common factor of 518028 and 175?
7
What is the greatest common divisor of 22 and 30606?
2
What is the greatest common factor of 273 and 25261866?
21
Calculate the greatest common factor of 1525900 and 2450.
50
What is the greatest common divisor of 120 and 52457970?
30
What is the greatest common divisor of 4104 and 4816386?
342
What is the greatest common factor of 1448 and 25024?
8
Calculate the highest common factor of 4503070 and 33634.
134
Calculate the highest common factor of 6159 and 34869.
3
What is the highest common factor of 8488 and 9728?
8
What is the highest common divisor of 385 and 14381521?
77
What is the h